{"id":1092,"date":"2017-03-22T11:03:09","date_gmt":"2017-03-22T11:03:09","guid":{"rendered":"http:\/\/www.figueruelas.es\/?page_id=1092"},"modified":"2022-03-02T14:53:47","modified_gmt":"2022-03-02T13:53:47","slug":"aula-de-adultos","status":"publish","type":"page","link":"https:\/\/www.figueruelas.es\/index.php\/areas\/cultura-2\/aula-de-adultos\/","title":{"rendered":"Aula de Adultos"},"content":{"rendered":"<div class=\"wpb-content-wrapper\"><p>[vc_row][vc_column][vc_column_text]<\/p>\n\n\t\t\t<style type='text\/css'>\n\t\t\t\t#gallery-1 {\n\t\t\t\t\tmargin: auto;\n\t\t\t\t}\n\t\t\t\t#gallery-1 .gallery-item {\n\t\t\t\t\tfloat: left;\n\t\t\t\t\tmargin-top: 10px;\n\t\t\t\t\ttext-align: center;\n\t\t\t\t\twidth: 25%;\n\t\t\t\t}\n\t\t\t\t#gallery-1 img {\n\t\t\t\t\tborder: 2px solid #cfcfcf;\n\t\t\t\t}\n\t\t\t\t#gallery-1 .gallery-caption {\n\t\t\t\t\tmargin-left: 0;\n\t\t\t\t}\n\t\t\t\t\/* see gallery_shortcode() in wp-includes\/media.php *\/\n\t\t\t<\/style>\n\t\t<div id='gallery-1' class='dt-gallery-container gallery galleryid-1092 gallery-columns-4 gallery-size-full'><dl class='gallery-item'>\n\t\t\t\t<dt class='gallery-icon landscape'>\n\t\t\t\t\t<img loading=\"lazy\" decoding=\"async\" width=\"213\" height=\"40\" src=\"https:\/\/www.figueruelas.es\/wp-content\/uploads\/2017\/03\/UE_FONDO_SOCIAL_EUROPEO_horizontal.jpg\" class=\"attachment-full size-full\" alt=\"UE FONDO SOCIAL EUROPEO\" \/>\n\t\t\t\t<\/dt><\/dl><dl class='gallery-item'>\n\t\t\t\t<dt class='gallery-icon landscape'>\n\t\t\t\t\t<img loading=\"lazy\" decoding=\"async\" width=\"170\" height=\"46\" src=\"https:\/\/www.figueruelas.es\/wp-content\/uploads\/2017\/03\/DGA.png\" class=\"attachment-full size-full\" alt=\"\" \/>\n\t\t\t\t<\/dt><\/dl><dl class='gallery-item'>\n\t\t\t\t<dt class='gallery-icon landscape'>\n\t\t\t\t\t<img loading=\"lazy\" decoding=\"async\" width=\"156\" height=\"60\" src=\"https:\/\/www.figueruelas.es\/wp-content\/uploads\/2017\/03\/DPZ.gif\" class=\"attachment-full size-full\" alt=\"\" \/>\n\t\t\t\t<\/dt><\/dl><dl class='gallery-item'>\n\t\t\t\t<dt class='gallery-icon portrait'>\n\t\t\t\t\t<img loading=\"lazy\" decoding=\"async\" width=\"63\" height=\"80\" src=\"https:\/\/www.figueruelas.es\/wp-content\/uploads\/2017\/03\/Escudo_Figueruelas-e1490180093445.jpg\" class=\"attachment-full size-full\" alt=\"Escudo Figueruelas\" \/>\n\t\t\t\t<\/dt><\/dl><br style=\"clear: both\" \/>\n\t\t\t<\/div>\n\n<p><span style=\"color: #cc3333;\">\u00ab<em>La Educaci\u00f3n permanente es un servicio p\u00fablico que se configura como un principio b\u00e1sico de los sistemas educativos y que tiene como finalidad general promover el acceso de sus destinatarios a bienes culturales, y formativos de todos los niveles de sistema educativo, la inserci\u00f3n y la promoci\u00f3n laborales, la participaci\u00f3n plena en el desarrollo social, econ\u00f3mico y cutlural, as\u00ed como la consecuci\u00f3n de la igualdad real y efectiva de todos los \u00e1mbitos<\/em>\u00ab.<\/span><\/p>\n<p><span style=\"color: #cc3333;\">Ley 16\/2002,de 28 de junio, de Educaci\u00f3n Permanente de Arag\u00f3n<\/span><\/p>\n<p>Seg\u00fan la Ley 2\/2019, de 21 de febrero, de aprendizaje a lo largo de la vida adulta en la Comunidad Aut\u00f3noma de Arag\u00f3n las sociedades, cada vez m\u00e1s complejas, y la velocidad del cambio tecnol\u00f3gico han provocado la necesidad de adquirir nuevos conocimientos y destrezas para adaptarse a los nuevos puestos de trabajo y a la realidad social, siendo precisa la actualizaci\u00f3n continua tanto en el \u00e1mbito laboral como en el personal.<\/p>\n<p>As\u00ed, se entiende por aprendizaje a lo largo de la vida adulta la totalidad de los procesos organizados de educaci\u00f3n, sea cual sea su contenido, nivel o metodolog\u00eda, sean formales o no formales, ya sea que prolonguen, reemplacen, abran nuevas perspectivas de aprendizaje o compensen la educaci\u00f3n recibida en las escuelas, institutos y universidades, y en forma de aprendizaje profesional, gracias a los cuales las personas adultas desarrollan sus aptitudes, enriquecen sus conocimientos, mejoran sus competencias t\u00e9cnicas o profesionales o les dan una nueva orientaci\u00f3n, desarrollan su capacidad cr\u00edtica, hacen evolucionar sus actitudes o su comportamiento en la doble perspectiva de un enriquecimiento integral de la persona y una participaci\u00f3n en un desarrollo social, econ\u00f3mico y cultural equilibrado, sostenible e independiente.[\/vc_column_text][\/vc_column][\/vc_row][vc_row][vc_column]<div id=\"ultimate-heading-462369f3395c7abe7\" class=\"uvc-heading ult-adjust-bottom-margin ultimate-heading-462369f3395c7abe7 uvc-8558  uvc-heading-default-font-sizes\" data-hspacer=\"no_spacer\"  data-halign=\"center\" style=\"text-align:center\"><div class=\"uvc-heading-spacer no_spacer\" style=\"top\"><\/div><div class=\"uvc-main-heading ult-responsive\"  data-ultimate-target='.uvc-heading.ultimate-heading-462369f3395c7abe7 h2'  data-responsive-json-new='{\"font-size\":\"\",\"line-height\":\"\"}' ><h2 style=\"--font-weight:theme;color:#0077b9;margin-bottom:28px;\">\u00daltimas noticias<\/h2><\/div><\/div><style type=\"text\/css\" data-type=\"the7_shortcodes-inline-css\">.blog-shortcode.blog-masonry-shortcode-id-f3d0af858802b29d82ab8467f713bfd5.dividers-on.classic-layout-list article {\n  padding-top: 0;\n}\n.blog-shortcode.blog-masonry-shortcode-id-f3d0af858802b29d82ab8467f713bfd5.dividers-on.classic-layout-list article:first-of-type {\n  margin-top: 0;\n  padding-top: 0;\n}\n.blog-shortcode.blog-masonry-shortcode-id-f3d0af858802b29d82ab8467f713bfd5.classic-layout-list.mode-list .post-entry-content {\n  width: calc(100% - );\n}\n.blog-shortcode.blog-masonry-shortcode-id-f3d0af858802b29d82ab8467f713bfd5.classic-layout-list.mode-list .no-img .post-entry-content {\n  width: 100%;\n}\n.blog-shortcode.blog-masonry-shortcode-id-f3d0af858802b29d82ab8467f713bfd5 .filter-bg-decoration .filter-categories a.act {\n  color: #fff;\n}\n.blog-shortcode.blog-masonry-shortcode-id-f3d0af858802b29d82ab8467f713bfd5:not(.mode-masonry) article:first-of-type,\n.blog-shortcode.blog-masonry-shortcode-id-f3d0af858802b29d82ab8467f713bfd5:not(.mode-masonry) article.visible.first:not(.product) {\n  margin-top: 0;\n}\n.blog-shortcode.blog-masonry-shortcode-id-f3d0af858802b29d82ab8467f713bfd5.dividers-on:not(.mode-masonry) article {\n  margin-top: 0;\n}\n.blog-shortcode.blog-masonry-shortcode-id-f3d0af858802b29d82ab8467f713bfd5.dividers-on:not(.mode-masonry) article:first-of-type,\n.blog-shortcode.blog-masonry-shortcode-id-f3d0af858802b29d82ab8467f713bfd5.dividers-on:not(.mode-masonry) article.visible.first:not(.product) {\n  margin-top: 0;\n  padding-top: 0;\n}\n.blog-shortcode.blog-masonry-shortcode-id-f3d0af858802b29d82ab8467f713bfd5 .post-thumbnail-wrap {\n  padding: 0px 0px 0px 0px;\n}\n.blog-shortcode.blog-masonry-shortcode-id-f3d0af858802b29d82ab8467f713bfd5.enable-bg-rollover .post-thumbnail-rollover:after {\n  background: -webkit-linear-gradient();\n  background: linear-gradient();\n}\n.blog-shortcode.blog-masonry-shortcode-id-f3d0af858802b29d82ab8467f713bfd5 .gallery-zoom-ico {\n  width: 44px;\n  height: 44px;\n  line-height: 44px;\n  border-radius: 100px;\n  margin: -22px 0 0 -22px;\n  border-width: 0px;\n  color: #ffffff;\n}\n.bottom-overlap-layout-list.blog-shortcode.blog-masonry-shortcode-id-f3d0af858802b29d82ab8467f713bfd5 .gallery-zoom-ico {\n  margin-top: -72px;\n}\n.gradient-overlay-layout-list.blog-shortcode.blog-masonry-shortcode-id-f3d0af858802b29d82ab8467f713bfd5 .gallery-zoom-ico,\n.content-rollover-layout-list.blog-shortcode.blog-masonry-shortcode-id-f3d0af858802b29d82ab8467f713bfd5 .gallery-zoom-ico {\n  margin: 0 0 10px;\n}\n.content-align-center.gradient-overlay-layout-list.blog-shortcode.blog-masonry-shortcode-id-f3d0af858802b29d82ab8467f713bfd5 .gallery-zoom-ico,\n.content-align-center.content-rollover-layout-list.blog-shortcode.blog-masonry-shortcode-id-f3d0af858802b29d82ab8467f713bfd5 .gallery-zoom-ico {\n  margin: 0 auto 10px;\n}\n.dt-icon-bg-on.blog-shortcode.blog-masonry-shortcode-id-f3d0af858802b29d82ab8467f713bfd5 .gallery-zoom-ico {\n  background: rgba(255,255,255,0.3);\n  box-shadow: none;\n}\n.blog-shortcode.blog-masonry-shortcode-id-f3d0af858802b29d82ab8467f713bfd5 .gallery-zoom-ico > span,\n.blog-shortcode.blog-masonry-shortcode-id-f3d0af858802b29d82ab8467f713bfd5 .gallery-zoom-ico:before {\n  font-size: 32px;\n  line-height: 44px;\n}\n.blog-shortcode.blog-masonry-shortcode-id-f3d0af858802b29d82ab8467f713bfd5 .gallery-zoom-ico > span,\n.blog-shortcode.blog-masonry-shortcode-id-f3d0af858802b29d82ab8467f713bfd5 .gallery-zoom-ico:before {\n  color: #ffffff;\n}\n.blog-shortcode.blog-masonry-shortcode-id-f3d0af858802b29d82ab8467f713bfd5 .entry-title,\n.blog-shortcode.blog-masonry-shortcode-id-f3d0af858802b29d82ab8467f713bfd5.owl-carousel .entry-title {\n  margin-bottom: 5px;\n  font-weight: bold;\n}\n.blog-shortcode.blog-masonry-shortcode-id-f3d0af858802b29d82ab8467f713bfd5 .entry-title a,\n.blog-shortcode.blog-masonry-shortcode-id-f3d0af858802b29d82ab8467f713bfd5.owl-carousel .entry-title a {\n  color: #ffffff;\n}\n.blog-shortcode.blog-masonry-shortcode-id-f3d0af858802b29d82ab8467f713bfd5 .entry-meta {\n  margin-bottom: 15px;\n}\n.blog-shortcode.blog-masonry-shortcode-id-f3d0af858802b29d82ab8467f713bfd5 .entry-meta * {\n  color: #ffffff;\n}\n.blog-shortcode.blog-masonry-shortcode-id-f3d0af858802b29d82ab8467f713bfd5 .portfolio-categories {\n  margin-bottom: 15px;\n}\n.blog-shortcode.blog-masonry-shortcode-id-f3d0af858802b29d82ab8467f713bfd5 .entry-meta > a:after,\n.blog-shortcode.blog-masonry-shortcode-id-f3d0af858802b29d82ab8467f713bfd5 .entry-meta > span:after {\n  background: #ffffff;\n  box-shadow: none;\n}\n.blog-shortcode.blog-masonry-shortcode-id-f3d0af858802b29d82ab8467f713bfd5 .entry-excerpt {\n  margin-bottom: 5px;\n  font-size: 15px;\n}\n.blog-shortcode.blog-masonry-shortcode-id-f3d0af858802b29d82ab8467f713bfd5 .entry-excerpt * {\n  color: #ffffff;\n}\n.blog-shortcode.blog-masonry-shortcode-id-f3d0af858802b29d82ab8467f713bfd5:not(.centered-layout-list) .post-entry-content {\n  padding: 5px 5px 5px 10px;\n}\n.blog-shortcode.blog-masonry-shortcode-id-f3d0af858802b29d82ab8467f713bfd5:not(.centered-layout-list):not(.content-bg-on):not(.mode-list) .no-img .post-entry-content {\n  padding: 0;\n}\n.blog-shortcode.blog-masonry-shortcode-id-f3d0af858802b29d82ab8467f713bfd5 .post-details.details-type-link,\n.blog-shortcode.blog-masonry-shortcode-id-f3d0af858802b29d82ab8467f713bfd5 .post-details.details-type-link * {\n  color: #ffffff;\n}\n@media screen and (max-width: ) {\n  .blog-shortcode.blog-masonry-shortcode-id-f3d0af858802b29d82ab8467f713bfd5 article {\n    -ms-flex-flow: column nowrap;\n    flex-flow: column nowrap;\n    margin-top: 20px;\n  }\n  .blog-shortcode.blog-masonry-shortcode-id-f3d0af858802b29d82ab8467f713bfd5.dividers-on article {\n    border: none;\n  }\n  .blog-shortcode.blog-masonry-shortcode-id-f3d0af858802b29d82ab8467f713bfd5.content-bg-on.centered-layout-list article {\n    padding: 0;\n  }\n  .blog-shortcode.blog-masonry-shortcode-id-f3d0af858802b29d82ab8467f713bfd5.blog-shortcode.dividers-on article,\n  .blog-shortcode.blog-masonry-shortcode-id-f3d0af858802b29d82ab8467f713bfd5.dividers-on.classic-layout-list article {\n    margin-top: 20px;\n    padding: 0;\n  }\n  .blog-shortcode.blog-masonry-shortcode-id-f3d0af858802b29d82ab8467f713bfd5.blog-shortcode.dividers-on article:first-of-type,\n  .blog-shortcode.blog-masonry-shortcode-id-f3d0af858802b29d82ab8467f713bfd5.dividers-on.classic-layout-list article:first-of-type {\n    padding: 0;\n  }\n  #page .blog-shortcode.blog-masonry-shortcode-id-f3d0af858802b29d82ab8467f713bfd5 .post-thumbnail-wrap,\n  #page .blog-shortcode.blog-masonry-shortcode-id-f3d0af858802b29d82ab8467f713bfd5 .post-entry-content {\n    width: 100%;\n    margin: 0;\n    top: 0;\n  }\n  #page .blog-shortcode.blog-masonry-shortcode-id-f3d0af858802b29d82ab8467f713bfd5 .post-thumbnail-wrap {\n    padding: 0;\n  }\n  #page .blog-shortcode.blog-masonry-shortcode-id-f3d0af858802b29d82ab8467f713bfd5 .post-entry-content:after {\n    display: none;\n  }\n  #page .blog-shortcode.blog-masonry-shortcode-id-f3d0af858802b29d82ab8467f713bfd5 .project-even .post-thumbnail-wrap,\n  #page .blog-shortcode.blog-masonry-shortcode-id-f3d0af858802b29d82ab8467f713bfd5.centered-layout-list .post-thumbnail-wrap {\n    -ms-flex-order: 0;\n    order: 0;\n  }\n  #page .blog-shortcode.blog-masonry-shortcode-id-f3d0af858802b29d82ab8467f713bfd5.centered-layout-list .post-entry-title-content {\n    -ms-flex-order: 1;\n    order: 1;\n    width: 100%;\n    padding: 20px 20px 0;\n  }\n  #page .blog-shortcode.blog-masonry-shortcode-id-f3d0af858802b29d82ab8467f713bfd5.centered-layout-list .post-entry-content {\n    -ms-flex-order: 2;\n    order: 2;\n    padding-top: 0;\n  }\n  #page .blog-shortcode.blog-masonry-shortcode-id-f3d0af858802b29d82ab8467f713bfd5 .fancy-categories {\n    top: 10px;\n    left: 10px;\n    bottom: auto;\n    right: auto;\n  }\n  #page .blog-shortcode.blog-masonry-shortcode-id-f3d0af858802b29d82ab8467f713bfd5 .fancy-date a {\n    top: 10px;\n    right: 10px;\n    left: auto;\n    bottom: auto;\n  }\n  #page .blog-shortcode.blog-masonry-shortcode-id-f3d0af858802b29d82ab8467f713bfd5 .post-entry-content {\n    padding: 20px;\n  }\n  #page .blog-shortcode.blog-masonry-shortcode-id-f3d0af858802b29d82ab8467f713bfd5 .entry-title {\n    margin: 3px 0 5px;\n    font-size: 20px;\n    line-height: 26px;\n  }\n  #page .blog-shortcode.blog-masonry-shortcode-id-f3d0af858802b29d82ab8467f713bfd5 .entry-meta {\n    margin: 5px 0 5px;\n  }\n  #page .blog-shortcode.blog-masonry-shortcode-id-f3d0af858802b29d82ab8467f713bfd5 .entry-excerpt {\n    margin: 15px 0 0;\n  }\n  #page .blog-shortcode.blog-masonry-shortcode-id-f3d0af858802b29d82ab8467f713bfd5 .post-details {\n    margin: 5px 0 10px;\n  }\n  #page .blog-shortcode.blog-masonry-shortcode-id-f3d0af858802b29d82ab8467f713bfd5 .post-details.details-type-link {\n    margin-bottom: 2px;\n  }\n}\n.blog-shortcode.blog-masonry-shortcode-id-f3d0af858802b29d82ab8467f713bfd5:not(.resize-by-browser-width) .dt-css-grid {\n  grid-row-gap: 20px;\n  grid-column-gap: 20px;\n  grid-template-columns: repeat(auto-fill,minmax(,1fr));\n}\n.blog-shortcode.blog-masonry-shortcode-id-f3d0af858802b29d82ab8467f713bfd5:not(.resize-by-browser-width) .dt-css-grid .double-width {\n  grid-column: span 2;\n}\n.cssgridlegacy.no-cssgrid .blog-shortcode.blog-masonry-shortcode-id-f3d0af858802b29d82ab8467f713bfd5:not(.resize-by-browser-width) .dt-css-grid,\n.no-cssgridlegacy.no-cssgrid .blog-shortcode.blog-masonry-shortcode-id-f3d0af858802b29d82ab8467f713bfd5:not(.resize-by-browser-width) .dt-css-grid {\n  display: flex;\n  flex-flow: row wrap;\n  margin: -10px;\n}\n.cssgridlegacy.no-cssgrid .blog-shortcode.blog-masonry-shortcode-id-f3d0af858802b29d82ab8467f713bfd5:not(.resize-by-browser-width) .dt-css-grid .wf-cell,\n.no-cssgridlegacy.no-cssgrid .blog-shortcode.blog-masonry-shortcode-id-f3d0af858802b29d82ab8467f713bfd5:not(.resize-by-browser-width) .dt-css-grid .wf-cell {\n  flex: 1 0 ;\n  max-width: 100%;\n  padding: 10px;\n  box-sizing: border-box;\n}\n.blog-shortcode.blog-masonry-shortcode-id-f3d0af858802b29d82ab8467f713bfd5.resize-by-browser-width .dt-css-grid {\n  grid-template-columns: repeat(2,1fr);\n  grid-template-rows: auto;\n  grid-column-gap: 20px;\n  grid-row-gap: 20px;\n}\n.blog-shortcode.blog-masonry-shortcode-id-f3d0af858802b29d82ab8467f713bfd5.resize-by-browser-width .dt-css-grid .double-width {\n  grid-column: span 2;\n}\n.cssgridlegacy.no-cssgrid .blog-shortcode.blog-masonry-shortcode-id-f3d0af858802b29d82ab8467f713bfd5.resize-by-browser-width .dt-css-grid {\n  margin: -10px;\n}\n.cssgridlegacy.no-cssgrid .blog-shortcode.blog-masonry-shortcode-id-f3d0af858802b29d82ab8467f713bfd5.resize-by-browser-width .dt-css-grid .wf-cell {\n  width: 50%;\n  padding: 10px;\n}\n.cssgridlegacy.no-cssgrid .blog-shortcode.blog-masonry-shortcode-id-f3d0af858802b29d82ab8467f713bfd5.resize-by-browser-width .dt-css-grid .wf-cell.double-width {\n  width: calc(50%) * 2;\n}\n.blog-shortcode.blog-masonry-shortcode-id-f3d0af858802b29d82ab8467f713bfd5.resize-by-browser-width:not(.centered-layout-list):not(.content-bg-on) .dt-css-grid {\n  grid-row-gap: 15px;\n}\n@media screen and (max-width: 1199px) {\n  .blog-shortcode.blog-masonry-shortcode-id-f3d0af858802b29d82ab8467f713bfd5.resize-by-browser-width .dt-css-grid {\n    grid-template-columns: repeat(2,1fr);\n  }\n  .cssgridlegacy.no-cssgrid .blog-shortcode.blog-masonry-shortcode-id-f3d0af858802b29d82ab8467f713bfd5.resize-by-browser-width .dt-css-grid .wf-cell,\n  .no-cssgridlegacy.no-cssgrid .blog-shortcode.blog-masonry-shortcode-id-f3d0af858802b29d82ab8467f713bfd5.resize-by-browser-width .dt-css-grid .wf-cell {\n    width: 50%;\n  }\n  .cssgridlegacy.no-cssgrid .blog-shortcode.blog-masonry-shortcode-id-f3d0af858802b29d82ab8467f713bfd5.resize-by-browser-width .dt-css-grid .wf-cell.double-width,\n  .no-cssgridlegacy.no-cssgrid .blog-shortcode.blog-masonry-shortcode-id-f3d0af858802b29d82ab8467f713bfd5.resize-by-browser-width .dt-css-grid .wf-cell.double-width {\n    width: calc(50%)*2;\n  }\n}\n@media screen and (max-width: 991px) {\n  .blog-shortcode.blog-masonry-shortcode-id-f3d0af858802b29d82ab8467f713bfd5.resize-by-browser-width .dt-css-grid {\n    grid-template-columns: repeat(1,1fr);\n  }\n  .cssgridlegacy.no-cssgrid .blog-shortcode.blog-masonry-shortcode-id-f3d0af858802b29d82ab8467f713bfd5.resize-by-browser-width .dt-css-grid .wf-cell,\n  .no-cssgridlegacy.no-cssgrid .blog-shortcode.blog-masonry-shortcode-id-f3d0af858802b29d82ab8467f713bfd5.resize-by-browser-width .dt-css-grid .wf-cell {\n    width: 100%;\n  }\n  .cssgridlegacy.no-cssgrid .blog-shortcode.blog-masonry-shortcode-id-f3d0af858802b29d82ab8467f713bfd5.resize-by-browser-width .dt-css-grid .wf-cell.double-width,\n  .no-cssgridlegacy.no-cssgrid .blog-shortcode.blog-masonry-shortcode-id-f3d0af858802b29d82ab8467f713bfd5.resize-by-browser-width .dt-css-grid .wf-cell.double-width {\n    width: calc(100%)*2;\n  }\n}\n@media screen and (max-width: 767px) {\n  .blog-shortcode.blog-masonry-shortcode-id-f3d0af858802b29d82ab8467f713bfd5.resize-by-browser-width .dt-css-grid {\n    grid-template-columns: repeat(1,1fr);\n  }\n  .blog-shortcode.blog-masonry-shortcode-id-f3d0af858802b29d82ab8467f713bfd5.resize-by-browser-width .dt-css-grid .double-width {\n    grid-column: span 1;\n  }\n  .cssgridlegacy.no-cssgrid .blog-shortcode.blog-masonry-shortcode-id-f3d0af858802b29d82ab8467f713bfd5.resize-by-browser-width .dt-css-grid .wf-cell,\n  .no-cssgridlegacy.no-cssgrid .blog-shortcode.blog-masonry-shortcode-id-f3d0af858802b29d82ab8467f713bfd5.resize-by-browser-width .dt-css-grid .wf-cell {\n    width: 100%;\n  }\n  .cssgridlegacy.no-cssgrid .blog-shortcode.blog-masonry-shortcode-id-f3d0af858802b29d82ab8467f713bfd5.resize-by-browser-width .dt-css-grid .wf-cell.double-width,\n  .no-cssgridlegacy.no-cssgrid .blog-shortcode.blog-masonry-shortcode-id-f3d0af858802b29d82ab8467f713bfd5.resize-by-browser-width .dt-css-grid .wf-cell.double-width {\n    width: calc(100%)*2;\n  }\n}<\/style><div class=\"blog-shortcode blog-masonry-shortcode-id-f3d0af858802b29d82ab8467f713bfd5 mode-grid classic-layout-list content-bg-on jquery-filter meta-info-off dt-css-grid-wrap dt-icon-bg-off resize-by-browser-width loading-effect-none description-under-image \" data-padding=\"10px\" data-cur-page=\"1\" data-post-limit=\"-1\" data-pagination-mode=\"none\" data-desktop-columns-num=\"2\" data-v-tablet-columns-num=\"1\" data-h-tablet-columns-num=\"2\" data-phone-columns-num=\"1\" data-width=\"0px\" data-columns=\"0\"><div class=\"dt-css-grid\" ><\/div><!-- iso-container|iso-grid --><\/div>[\/vc_column][\/vc_row]<\/p>\n<\/div>","protected":false},"excerpt":{"rendered":"<p>[vc_row][vc_column][vc_column_text] \u00abLa Educaci\u00f3n permanente es un servicio p\u00fablico que se configura como un principio b\u00e1sico de los sistemas educativos y que tiene como finalidad general promover el acceso de sus destinatarios a bienes culturales, y formativos de todos los niveles de sistema educativo, la inserci\u00f3n y la promoci\u00f3n laborales, la participaci\u00f3n plena en el desarrollo&hellip;<\/p>\n","protected":false},"author":1,"featured_media":0,"parent":1275,"menu_order":3,"comment_status":"closed","ping_status":"closed","template":"","meta":{"footnotes":""},"class_list":["post-1092","page","type-page","status-publish","hentry","description-off"],"aioseo_notices":[],"publishpress_future_action":{"enabled":false,"date":"2026-05-07 12:13:32","action":"change-status","newStatus":"draft","terms":[],"taxonomy":"","extraData":[]},"publishpress_future_workflow_manual_trigger":{"enabledWorkflows":[]},"_links":{"self":[{"href":"https:\/\/www.figueruelas.es\/index.php\/wp-json\/wp\/v2\/pages\/1092","targetHints":{"allow":["GET"]}}],"collection":[{"href":"https:\/\/www.figueruelas.es\/index.php\/wp-json\/wp\/v2\/pages"}],"about":[{"href":"https:\/\/www.figueruelas.es\/index.php\/wp-json\/wp\/v2\/types\/page"}],"author":[{"embeddable":true,"href":"https:\/\/www.figueruelas.es\/index.php\/wp-json\/wp\/v2\/users\/1"}],"replies":[{"embeddable":true,"href":"https:\/\/www.figueruelas.es\/index.php\/wp-json\/wp\/v2\/comments?post=1092"}],"version-history":[{"count":16,"href":"https:\/\/www.figueruelas.es\/index.php\/wp-json\/wp\/v2\/pages\/1092\/revisions"}],"predecessor-version":[{"id":2933,"href":"https:\/\/www.figueruelas.es\/index.php\/wp-json\/wp\/v2\/pages\/1092\/revisions\/2933"}],"up":[{"embeddable":true,"href":"https:\/\/www.figueruelas.es\/index.php\/wp-json\/wp\/v2\/pages\/1275"}],"wp:attachment":[{"href":"https:\/\/www.figueruelas.es\/index.php\/wp-json\/wp\/v2\/media?parent=1092"}],"curies":[{"name":"wp","href":"https:\/\/api.w.org\/{rel}","templated":true}]}}