{"id":1164,"date":"2017-03-22T12:28:05","date_gmt":"2017-03-22T12:28:05","guid":{"rendered":"http:\/\/www.figueruelas.es\/?page_id=1164"},"modified":"2025-03-31T13:08:01","modified_gmt":"2025-03-31T12:08:01","slug":"asociacion-musical-y-cultural-santa-barbara","status":"publish","type":"page","link":"https:\/\/www.figueruelas.es\/index.php\/areas\/cultura-2\/asociacion-musical-y-cultural-santa-barbara\/","title":{"rendered":"Asociaci\u00f3n Musical y Cultural Santa B\u00e1rbara"},"content":{"rendered":"<div class=\"wpb-content-wrapper\"><p>[vc_row][vc_column][vc_custom_heading text=\u00bbBanda de M\u00fasica de Figueruelas\u00bb font_container=\u00bbtag:h2|text_align:left|color:%230077b9&#8243; use_theme_fonts=\u00bbyes\u00bb css=\u00bb.vc_custom_1645789739299{margin-bottom: 20px !important;}\u00bb][vc_row_inner][vc_column_inner width=\u00bb2\/3&#8243;]<div class=\"standard-arrow list-divider bullet-top\"><ul>\n<li>Es una Asociaci\u00f3n sin \u00e1nimo de lucro y cualquier persona puede ser Soci@<\/li>\n<li>El Presidente es <strong>Samuel Gaudes<\/strong><\/li>\n<li>En ella est\u00e1n integradas la Escuela de M\u00fasica a partir de los 6 a\u00f1os, y la Banda<\/li>\n<li>La Banda act\u00faa bajo la Direcci\u00f3n de <strong>D. Carlos Sanz Andr\u00e9s<\/strong><\/li>\n<li>La Coordinadora de la Escuela es\u00a0<strong>Desir\u00e9 Gimeno<\/strong><\/li>\n<\/ul>\n<\/div>[\/vc_column_inner][vc_column_inner width=\u00bb1\/3&#8243; css=\u00bb.vc_custom_1645784544618{margin-top: 10px !important;}\u00bb]<style type=\"text\/css\" data-type=\"the7_shortcodes-inline-css\">.shortcode-single-image-wrap.shortcode-single-image-6b55edce8fcc7f98f92547b9544b6de7.enable-bg-rollover .rollover i,\n.shortcode-single-image-wrap.shortcode-single-image-6b55edce8fcc7f98f92547b9544b6de7.enable-bg-rollover .rollover-video i {\n  background: -webkit-linear-gradient();\n  background: linear-gradient();\n}\n.shortcode-single-image-wrap.shortcode-single-image-6b55edce8fcc7f98f92547b9544b6de7 .rollover-icon {\n  font-size: 32px;\n  color: #ffffff;\n  min-width: 44px;\n  min-height: 44px;\n  line-height: 44px;\n  border-radius: 100px;\n  border-style: solid;\n  border-width: 0px;\n}\n.dt-icon-bg-on.shortcode-single-image-wrap.shortcode-single-image-6b55edce8fcc7f98f92547b9544b6de7 .rollover-icon {\n  background: rgba(255,255,255,0.3);\n  box-shadow: none;\n}<\/style><div class=\"shortcode-single-image-wrap shortcode-single-image-6b55edce8fcc7f98f92547b9544b6de7 alignnone  enable-bg-rollover dt-icon-bg-off\" style=\"margin-top:0px; margin-bottom:0px; margin-left:0px; margin-right:0px;\"><div class=\"shortcode-single-image\"><div class=\"fancy-media-wrap  layzr-bg\" style=\"\"><img fetchpriority=\"high\" decoding=\"async\" class=\"preload-me lazy-load aspect\" src=\"data:image\/svg+xml,%3Csvg%20xmlns%3D&#39;http%3A%2F%2Fwww.w3.org%2F2000%2Fsvg&#39;%20viewBox%3D&#39;0%200%20297%20383&#39;%2F%3E\" data-src=\"https:\/\/www.figueruelas.es\/wp-content\/uploads\/2018\/06\/saxofon.jpg\" data-srcset=\"https:\/\/www.figueruelas.es\/wp-content\/uploads\/2018\/06\/saxofon.jpg 297w\" loading=\"eager\" sizes=\"(max-width: 297px) 100vw, 297px\" width=\"297\" height=\"383\"  data-dt-location=\"https:\/\/www.figueruelas.es\/index.php\/areas\/cultura-2\/asociacion-musical-y-cultural-santa-barbara\/saxofon\/\" style=\"--ratio: 297 \/ 383;box-shadow:2px 2px 2px 2px rgba(0,0,0,0.5); -webkit-box-shadow:2px 2px 2px 2px rgba(0,0,0,0.5);\" alt=\"Saxof\u00f3n\" \/><\/div><\/div><\/div>[\/vc_column_inner][\/vc_row_inner][\/vc_column][\/vc_row]<\/p>\n<\/div>","protected":false},"excerpt":{"rendered":"<p>[vc_row][vc_column][vc_custom_heading text=\u00bbBanda de M\u00fasica de Figueruelas\u00bb font_container=\u00bbtag:h2|text_align:left|color:%230077b9&#8243; use_theme_fonts=\u00bbyes\u00bb css=\u00bb.vc_custom_1645789739299{margin-bottom: 20px !important;}\u00bb][vc_row_inner][vc_column_inner width=\u00bb2\/3&#8243;][\/vc_column_inner][vc_column_inner width=\u00bb1\/3&#8243; css=\u00bb.vc_custom_1645784544618{margin-top: 10px !important;}\u00bb][\/vc_column_inner][\/vc_row_inner][\/vc_column][\/vc_row]<\/p>\n","protected":false},"author":1,"featured_media":0,"parent":1275,"menu_order":4,"comment_status":"closed","ping_status":"closed","template":"","meta":{"footnotes":""},"class_list":["post-1164","page","type-page","status-publish","hentry","description-off"],"aioseo_notices":[],"publishpress_future_action":{"enabled":false,"date":"2026-05-09 04:50:31","action":"change-status","newStatus":"draft","terms":[],"taxonomy":"","extraData":[]},"publishpress_future_workflow_manual_trigger":{"enabledWorkflows":[]},"_links":{"self":[{"href":"https:\/\/www.figueruelas.es\/index.php\/wp-json\/wp\/v2\/pages\/1164","targetHints":{"allow":["GET"]}}],"collection":[{"href":"https:\/\/www.figueruelas.es\/index.php\/wp-json\/wp\/v2\/pages"}],"about":[{"href":"https:\/\/www.figueruelas.es\/index.php\/wp-json\/wp\/v2\/types\/page"}],"author":[{"embeddable":true,"href":"https:\/\/www.figueruelas.es\/index.php\/wp-json\/wp\/v2\/users\/1"}],"replies":[{"embeddable":true,"href":"https:\/\/www.figueruelas.es\/index.php\/wp-json\/wp\/v2\/comments?post=1164"}],"version-history":[{"count":12,"href":"https:\/\/www.figueruelas.es\/index.php\/wp-json\/wp\/v2\/pages\/1164\/revisions"}],"predecessor-version":[{"id":4035,"href":"https:\/\/www.figueruelas.es\/index.php\/wp-json\/wp\/v2\/pages\/1164\/revisions\/4035"}],"up":[{"embeddable":true,"href":"https:\/\/www.figueruelas.es\/index.php\/wp-json\/wp\/v2\/pages\/1275"}],"wp:attachment":[{"href":"https:\/\/www.figueruelas.es\/index.php\/wp-json\/wp\/v2\/media?parent=1164"}],"curies":[{"name":"wp","href":"https:\/\/api.w.org\/{rel}","templated":true}]}}

Asociación Musical y Cultural Santa Bárbara

<div class="wpb-content-wrapper"><p>[vc_row][vc_column][vc_custom_heading text=»Banda de Música de Figueruelas» font_container=»tag:h2|text_align:left|color:%230077b9&#8243; use_theme_fonts=»yes» css=».vc_custom_1645789739299{margin-bottom: 20px !important;}»][vc_row_inner][vc_column_inner width=»2/3&#8243;]<div class="standard-arrow list-divider bullet-top"><ul>
<li>Es una Asociación sin ánimo de lucro y cualquier persona puede ser Soci@</li>
<li>El Presidente es <strong>Samuel Gaudes</strong></li>
<li>En ella están integradas la Escuela de Música a partir de los 6 años, y la Banda</li>
<li>La Banda actúa bajo la Dirección de <strong>D. Carlos Sanz Andrés</strong></li>
<li>La Coordinadora de la Escuela es <strong>Desiré Gimeno</strong></li>
</ul>
</div>[/vc_column_inner][vc_column_inner width=»1/3&#8243; css=».vc_custom_1645784544618{margin-top: 10px !important;}»]<style type="text/css" data-type="the7_shortcodes-inline-css">.shortcode-single-image-wrap.shortcode-single-image-6b55edce8fcc7f98f92547b9544b6de7.enable-bg-rollover .rollover i,
.shortcode-single-image-wrap.shortcode-single-image-6b55edce8fcc7f98f92547b9544b6de7.enable-bg-rollover .rollover-video i {
  background: -webkit-linear-gradient();
  background: linear-gradient();
}
.shortcode-single-image-wrap.shortcode-single-image-6b55edce8fcc7f98f92547b9544b6de7 .rollover-icon {
  font-size: 32px;
  color: #ffffff;
  min-width: 44px;
  min-height: 44px;
  line-height: 44px;
  border-radius: 100px;
  border-style: solid;
  border-width: 0px;
}
.dt-icon-bg-on.shortcode-single-image-wrap.shortcode-single-image-6b55edce8fcc7f98f92547b9544b6de7 .rollover-icon {
  background: rgba(255,255,255,0.3);
  box-shadow: none;
}</style><div class="shortcode-single-image-wrap shortcode-single-image-6b55edce8fcc7f98f92547b9544b6de7 alignnone  enable-bg-rollover dt-icon-bg-off" style="margin-top:0px; margin-bottom:0px; margin-left:0px; margin-right:0px;"><div class="shortcode-single-image"><div class="fancy-media-wrap  layzr-bg" style=""><img fetchpriority="high" decoding="async" class="preload-me lazy-load aspect" src="data:image/svg+xml,%3Csvg%20xmlns%3D&#39;http%3A%2F%2Fwww.w3.org%2F2000%2Fsvg&#39;%20viewBox%3D&#39;0%200%20297%20383&#39;%2F%3E" data-src="https://www.figueruelas.es/wp-content/uploads/2018/06/saxofon.jpg" data-srcset="https://www.figueruelas.es/wp-content/uploads/2018/06/saxofon.jpg 297w" loading="eager" sizes="(max-width: 297px) 100vw, 297px" width="297" height="383"  data-dt-location="https://www.figueruelas.es/index.php/areas/cultura-2/asociacion-musical-y-cultural-santa-barbara/saxofon/" style="--ratio: 297 / 383;box-shadow:2px 2px 2px 2px rgba(0,0,0,0.5); -webkit-box-shadow:2px 2px 2px 2px rgba(0,0,0,0.5);" alt="Saxofón" /></div></div></div>[/vc_column_inner][/vc_row_inner][/vc_column][/vc_row]</p>
</div>

<p>[vc_row][vc_column][vc_custom_heading text=»Banda de Música de Figueruelas» font_container=»tag:h2|text_align:left|color:%230077b9&#8243; use_theme_fonts=»yes» css=».vc_custom_1645789739299{margin-bottom: 20px !important;}»][vc_row_inner][vc_column_inner width=»2/3&#8243;][/vc_column_inner][vc_column_inner width=»1/3&#8243; css=».vc_custom_1645784544618{margin-top: 10px !important;}»][/vc_column_inner][/vc_row_inner][/vc_column][/vc_row]</p>
