{"id":1169,"date":"2017-03-22T12:42:30","date_gmt":"2017-03-22T12:42:30","guid":{"rendered":"http:\/\/www.figueruelas.es\/?page_id=1169"},"modified":"2022-02-25T12:51:21","modified_gmt":"2022-02-25T11:51:21","slug":"profesores-y-especialidades-instrumentales","status":"publish","type":"page","link":"https:\/\/www.figueruelas.es\/index.php\/areas\/cultura-2\/asociacion-musical-y-cultural-santa-barbara\/profesores-y-especialidades-instrumentales\/","title":{"rendered":"Especialidades instrumentales"},"content":{"rendered":"<div class=\"wpb-content-wrapper\"><p>[vc_row][vc_column][vc_column_text]El objetivo fundamental de la Escuela es formar y educar musicalmente a los futuros miembros de la Banda de M\u00fasica. Los alumnos adquirir\u00e1n los conocimientos y habilidades musicales y no musicales que les permitan desenvolverse, dignamente y con total suficiencia, en actividades colectivas, la Banda. Por esta raz\u00f3n se ofertar\u00e1n plazas en las especialidades instrumentales propias de una Banda de M\u00fasica, es decir:[\/vc_column_text]<div class=\"standard-arrow list-divider bullet-top\"><ul>\n<li>Flauta<\/li>\n<li>Clarinete\/ Requinto<\/li>\n<li>Saxof\u00f3n<\/li>\n<li>Trompeta\/ Fliscorno<\/li>\n<li>Tromb\u00f3n<\/li>\n<li>Tuba\/ Bombardino<\/li>\n<li>Percusi\u00f3n<\/li>\n<li>Lenguaje Musical\/ Coro<\/li>\n<\/ul>\n<\/div>[vc_column_text]La \u00abAsociaci\u00f3n Musical y cultural Santa B\u00e1rbara\u00bb cuenta con un Stock de instrumentos para nuevos alumnos y por este motivo la oferta de plazas puede variar en cada curso lectivo. Aquellos alumnos que dispongan de instrumento propio se podr\u00e1n matricular en dicha especialidad. El resto, realizar\u00e1n una peque\u00f1a prueba, por orden de matriculaci\u00f3n, que permitir\u00e1 conocer sus habilidades para cada una de las especialidades instrumentales.[\/vc_column_text][\/vc_column][\/vc_row]<\/p>\n<\/div>","protected":false},"excerpt":{"rendered":"<p>[vc_row][vc_column][vc_column_text]El objetivo fundamental de la Escuela es formar y educar musicalmente a los futuros miembros de la Banda de M\u00fasica. Los alumnos adquirir\u00e1n los conocimientos y habilidades musicales y no musicales que les permitan desenvolverse, dignamente y con total suficiencia, en actividades colectivas, la Banda. Por esta raz\u00f3n se ofertar\u00e1n plazas en las especialidades instrumentales&hellip;<\/p>\n","protected":false},"author":1,"featured_media":0,"parent":1164,"menu_order":8,"comment_status":"closed","ping_status":"closed","template":"","meta":{"footnotes":""},"class_list":["post-1169","page","type-page","status-publish","hentry","description-off"],"aioseo_notices":[],"publishpress_future_action":{"enabled":false,"date":"2026-05-08 09:36:01","action":"change-status","newStatus":"draft","terms":[],"taxonomy":"","extraData":[]},"publishpress_future_workflow_manual_trigger":{"enabledWorkflows":[]},"_links":{"self":[{"href":"https:\/\/www.figueruelas.es\/index.php\/wp-json\/wp\/v2\/pages\/1169","targetHints":{"allow":["GET"]}}],"collection":[{"href":"https:\/\/www.figueruelas.es\/index.php\/wp-json\/wp\/v2\/pages"}],"about":[{"href":"https:\/\/www.figueruelas.es\/index.php\/wp-json\/wp\/v2\/types\/page"}],"author":[{"embeddable":true,"href":"https:\/\/www.figueruelas.es\/index.php\/wp-json\/wp\/v2\/users\/1"}],"replies":[{"embeddable":true,"href":"https:\/\/www.figueruelas.es\/index.php\/wp-json\/wp\/v2\/comments?post=1169"}],"version-history":[{"count":5,"href":"https:\/\/www.figueruelas.es\/index.php\/wp-json\/wp\/v2\/pages\/1169\/revisions"}],"predecessor-version":[{"id":2821,"href":"https:\/\/www.figueruelas.es\/index.php\/wp-json\/wp\/v2\/pages\/1169\/revisions\/2821"}],"up":[{"embeddable":true,"href":"https:\/\/www.figueruelas.es\/index.php\/wp-json\/wp\/v2\/pages\/1164"}],"wp:attachment":[{"href":"https:\/\/www.figueruelas.es\/index.php\/wp-json\/wp\/v2\/media?parent=1169"}],"curies":[{"name":"wp","href":"https:\/\/api.w.org\/{rel}","templated":true}]}}

<div class="wpb-content-wrapper"><p>[vc_row][vc_column][vc_column_text]El objetivo fundamental de la Escuela es formar y educar musicalmente a los futuros miembros de la Banda de Música. Los alumnos adquirirán los conocimientos y habilidades musicales y no musicales que les permitan desenvolverse, dignamente y con total suficiencia, en actividades colectivas, la Banda. Por esta razón se ofertarán plazas en las especialidades instrumentales propias de una Banda de Música, es decir:[/vc_column_text]<div class="standard-arrow list-divider bullet-top"><ul>
<li>Flauta</li>
<li>Clarinete/ Requinto</li>
<li>Saxofón</li>
<li>Trompeta/ Fliscorno</li>
<li>Trombón</li>
<li>Tuba/ Bombardino</li>
<li>Percusión</li>
<li>Lenguaje Musical/ Coro</li>
</ul>
</div>[vc_column_text]La «Asociación Musical y cultural Santa Bárbara» cuenta con un Stock de instrumentos para nuevos alumnos y por este motivo la oferta de plazas puede variar en cada curso lectivo. Aquellos alumnos que dispongan de instrumento propio se podrán matricular en dicha especialidad. El resto, realizarán una pequeña prueba, por orden de matriculación, que permitirá conocer sus habilidades para cada una de las especialidades instrumentales.[/vc_column_text][/vc_column][/vc_row]</p>
</div>

<p>[vc_row][vc_column][vc_column_text]El objetivo fundamental de la Escuela es formar y educar musicalmente a los futuros miembros de la Banda de Música. Los alumnos adquirirán los conocimientos y habilidades musicales y no musicales que les permitan desenvolverse, dignamente y con total suficiencia, en actividades colectivas, la Banda. Por esta razón se ofertarán plazas en las especialidades instrumentales&hellip;</p>
