{"id":2939,"date":"2022-03-17T13:26:03","date_gmt":"2022-03-17T12:26:03","guid":{"rendered":"https:\/\/www.figueruelas.es\/?page_id=2939"},"modified":"2022-10-13T13:57:37","modified_gmt":"2022-10-13T12:57:37","slug":"historia-aula-de-adultos","status":"publish","type":"page","link":"https:\/\/www.figueruelas.es\/index.php\/areas\/cultura-2\/aula-de-adultos\/historia-aula-de-adultos\/","title":{"rendered":"Historia"},"content":{"rendered":"<div class=\"wpb-content-wrapper\"><p>[vc_row][vc_column][vc_column_text]El Aula de Educaci\u00f3n de Adultos de Figueruelas est\u00e1 adscrita al CPEPA \u201cEmilio Navarro\u201d de Utebo (Zaragoza) y lleva 36 a\u00f1os en la localidad. Comenz\u00f3 su andadura en el curso 1986-87 y desde el curso 1987-88 est\u00e1 dentro del Convenio para Educaci\u00f3n de Adultos firmado por la Direcci\u00f3n General de Arag\u00f3n (DGA), la Diputaci\u00f3n de Zaragoza (DPZ) y el Ayuntamiento de Figueruelas.<\/p>\n<p>A lo largo de estos a\u00f1os, los cursos, materias y alumnos han variado, adapt\u00e1ndose al ritmo de la sociedad. En la actualidad existe la posibilidad de realizar los distintos cursos de forma presencial, semipresencial y a distancia.[\/vc_column_text][\/vc_column][\/vc_row]<\/p>\n<\/div>","protected":false},"excerpt":{"rendered":"<p>[vc_row][vc_column][vc_column_text]El Aula de Educaci\u00f3n de Adultos de Figueruelas est\u00e1 adscrita al CPEPA \u201cEmilio Navarro\u201d de Utebo (Zaragoza) y lleva 36 a\u00f1os en la localidad. Comenz\u00f3 su andadura en el curso 1986-87 y desde el curso 1987-88 est\u00e1 dentro del Convenio para Educaci\u00f3n de Adultos firmado por la Direcci\u00f3n General de Arag\u00f3n (DGA), la Diputaci\u00f3n de&hellip;<\/p>\n","protected":false},"author":1,"featured_media":0,"parent":1092,"menu_order":2,"comment_status":"closed","ping_status":"closed","template":"","meta":{"footnotes":""},"class_list":["post-2939","page","type-page","status-publish","hentry","description-off"],"aioseo_notices":[],"publishpress_future_action":{"enabled":false,"date":"2026-05-04 09:01:15","action":"change-status","newStatus":"draft","terms":[],"taxonomy":"","extraData":[]},"publishpress_future_workflow_manual_trigger":{"enabledWorkflows":[]},"_links":{"self":[{"href":"https:\/\/www.figueruelas.es\/index.php\/wp-json\/wp\/v2\/pages\/2939","targetHints":{"allow":["GET"]}}],"collection":[{"href":"https:\/\/www.figueruelas.es\/index.php\/wp-json\/wp\/v2\/pages"}],"about":[{"href":"https:\/\/www.figueruelas.es\/index.php\/wp-json\/wp\/v2\/types\/page"}],"author":[{"embeddable":true,"href":"https:\/\/www.figueruelas.es\/index.php\/wp-json\/wp\/v2\/users\/1"}],"replies":[{"embeddable":true,"href":"https:\/\/www.figueruelas.es\/index.php\/wp-json\/wp\/v2\/comments?post=2939"}],"version-history":[{"count":2,"href":"https:\/\/www.figueruelas.es\/index.php\/wp-json\/wp\/v2\/pages\/2939\/revisions"}],"predecessor-version":[{"id":2942,"href":"https:\/\/www.figueruelas.es\/index.php\/wp-json\/wp\/v2\/pages\/2939\/revisions\/2942"}],"up":[{"embeddable":true,"href":"https:\/\/www.figueruelas.es\/index.php\/wp-json\/wp\/v2\/pages\/1092"}],"wp:attachment":[{"href":"https:\/\/www.figueruelas.es\/index.php\/wp-json\/wp\/v2\/media?parent=2939"}],"curies":[{"name":"wp","href":"https:\/\/api.w.org\/{rel}","templated":true}]}}