{"id":3349,"date":"2022-10-13T13:18:18","date_gmt":"2022-10-13T12:18:18","guid":{"rendered":"https:\/\/www.figueruelas.es\/?page_id=3349"},"modified":"2022-10-13T13:28:05","modified_gmt":"2022-10-13T12:28:05","slug":"salud-de-los-ninos","status":"publish","type":"page","link":"https:\/\/www.figueruelas.es\/index.php\/areas\/cultura-2\/escuela-infantil\/salud-de-los-ninos\/","title":{"rendered":"Salud de los ni\u00f1os"},"content":{"rendered":"<div class=\"wpb-content-wrapper\"><p>[vc_row][vc_column][vc_column_text css=\u00bb.vc_custom_1665663552463{margin-bottom: 15px !important;}\u00bb]Dado que los ni\u00f1os de estas edades, por sus condiciones inmunol\u00f3gicas, son muy receptivos a todo tipo de g\u00e9rmenes que pueden producirles enfermedades, se hace necesario proporcionarles en la Escuela un ambiente lo m\u00e1s saludable posible.<\/p>\n<p>Asimismo, en casos de enfermedad, ha de prevenirse posibles complicaciones, procur\u00e1ndoles reposo y tranquilidad en casa hasta su completo restablecimiento, debi\u00e9ndose respetar las siguientes reglas:[\/vc_column_text]<div class=\"image-arrow list-divider bullet-top\"><ul>\n<li><strong>a)<\/strong> Se proh\u00edbe llevar a ni\u00f1os con <strong>temperatura corporal superior a 37,5 grados<\/strong> o con enfermedades infectocontagiosas en per\u00edodo de contagio. Asimismo, se proh\u00edbe la asistencia de ni\u00f1os afectados por plagas (pediculosis, etc.).<\/li>\n<li><strong>b)<\/strong> Podr\u00e1 requerirse en cualquier momento la acreditaci\u00f3n de que al ni\u00f1o le han sido suministradas las vacunas requeridas para la edad respectiva.<\/li>\n<li><strong>c)<\/strong> Los ni\u00f1os que padezcan cualquiera de las enfermedades que a continuaci\u00f3n se indican <em><strong>no podr\u00e1n asistir al centro por el per\u00edodo de tiempo que se se\u00f1ala a continuaci\u00f3n como d\u00edas de aislamiento.<\/strong><\/em><\/li>\n<\/ul>\n<\/div>[vc_separator color=\u00bbcustom\u00bb accent_color=\u00bb#94acba\u00bb][vc_custom_heading text=\u00bbENFERMEDADES Y D\u00cdAS DE AISLAMIENTO\u00bb font_container=\u00bbtag:h2|text_align:left|color:%230077b9&#8243; use_theme_fonts=\u00bbyes\u00bb]<div class=\"standard-arrow list-divider bullet-top\"><ul>\n<li><strong>Rub\u00e9ola:<\/strong> Cuatro d\u00edas.<\/li>\n<li><strong>Sarampi\u00f3n:<\/strong> Seis d\u00edas.<\/li>\n<li><strong>Varicela:<\/strong> Siete d\u00edas m\u00ednimo. Despu\u00e9s podr\u00e1n incorporarse cuando haya desaparecido la erupci\u00f3n en la piel y se sequen las ampollas<\/li>\n<li><strong>Paperas:<\/strong> Nueve d\u00edas. Despu\u00e9s podr\u00e1 incorporarse si no tiene ning\u00fan s\u00edntoma.<\/li>\n<li><strong>Escarlatina:<\/strong> Tres d\u00edas desde que se instaur\u00f3 el tratamiento antibi\u00f3tico.<\/li>\n<li><strong>Conjuntivitis infecciosa:<\/strong> Hasta que desaparece el ojo rojo y las secreciones.<\/li>\n<li><strong>Infecci\u00f3n bacteriana de piel:<\/strong> Hasta llevar veinticuatro horas de tratamiento antibi\u00f3tico.<\/li>\n<li><strong>Tos ferina:<\/strong> Siete d\u00edas desde el comienzo del tratamiento.<\/li>\n<li><strong>Hepatitis A:<\/strong> Siete d\u00edas.<\/li>\n<li><strong>Pediculosis (piojos)<\/strong>: Cuando despu\u00e9s del uso del tratamiento se eval\u00fae que no lleva piojos, ni liendres.<\/li>\n<li><strong>Diarrea aguda:<\/strong> Hasta pasadas 24h.<\/li>\n<li><strong>Bano-boca-pie:<\/strong> M\u00ednimo 7 siete d\u00edas y no podr\u00e1n volver a la escuela hasta la desaparici\u00f3n de los granos.<\/li>\n<li><strong>Lambias:<\/strong> Hasta que lleve una semana de tratamiento y siempre que no presente diarrea.<\/li>\n<li><strong>Otitis media aguda:<\/strong> Si el ni\u00f1o presenta dolor de o\u00eddos y fiebre no puede ir hasta pasadas veinticuatro horas de la desaparici\u00f3n de los s\u00edntomas.<\/li>\n<li><strong>Catarros y bronquitis:<\/strong> Pasadas 24h sin fiebre y con mejor\u00eda de los s\u00edntomas.<\/li>\n<li><strong>Fiebre de cualquier origen:<\/strong> Hasta que lleve 24h sin fiebre.<\/li>\n<\/ul>\n<\/div>[vc_column_text css=\u00bb.vc_custom_1665664039149{margin-bottom: 15px !important;}\u00bb]En caso de enfermedades que se manifiesten en el centro o de tratamientos m\u00e9dicos, el personal del centro seguir\u00e1 las siguientes normas:[\/vc_column_text]<div class=\"image-arrow list-divider bullet-top\"><ul>\n<li><strong>a)<\/strong> En caso de que alg\u00fan ni\u00f1o se ponga enfermo en el centro, se avisar\u00e1 con la mayor rapidez a los padres o tutores. Si fuera urgente, el personal de la Escuela gestionar\u00e1 lo necesario para conducir al ni\u00f1o a un centro sanitario.<\/li>\n<li><strong>b)<\/strong> Queda prohibido dar en la Escuela medicamentos de ning\u00fan tipo.<\/li>\n<li><strong>c)<\/strong> No se proporcionar\u00e1n a los ni\u00f1os dietas especiales, salvo en el caso de intolerancias alimenticias, en cuyo caso los padres o tutores deber\u00e1n informar por escrito al centro del tipo de alimentaci\u00f3n m\u00e1s recomendable.<\/li>\n<\/ul>\n<\/div>[vc_custom_heading text=\u00bbIMPORTANTE\u00bb font_container=\u00bbtag:h3|text_align:left|color:%230077b9&#8243; use_theme_fonts=\u00bbyes\u00bb][vc_column_text]<strong>CUALQUIER OTRO S\u00cdNTOMA (fiebre, cacas muy blandas o diarreas, muchos mocos, picores, rojeces\u2026) QUE EL NI\u00d1O PRESENTE UN D\u00cdA ANTES DE VENIR A LA ESCUELA DEBER\u00c1 PERMANECER EN CUARENTENA 24H PARA DESCARTAR QUE ES UN VIRUS.<\/strong><\/p>\n<p><strong>Si los ni\u00f1os acuden a la escuela con alg\u00fan s\u00edntoma, no se les dejar\u00e1 entrar. Pedimos responsabilidad a todos los padres y todas las madres para evitar grandes contagios dentro del centro.<\/strong>[\/vc_column_text][\/vc_column][\/vc_row]<\/p>\n<\/div>","protected":false},"excerpt":{"rendered":"<p>[vc_row][vc_column][vc_column_text css=\u00bb.vc_custom_1665663552463{margin-bottom: 15px !important;}\u00bb]Dado que los ni\u00f1os de estas edades, por sus condiciones inmunol\u00f3gicas, son muy receptivos a todo tipo de g\u00e9rmenes que pueden producirles enfermedades, se hace necesario proporcionarles en la Escuela un ambiente lo m\u00e1s saludable posible. Asimismo, en casos de enfermedad, ha de prevenirse posibles complicaciones, procur\u00e1ndoles reposo y tranquilidad en casa&hellip;<\/p>\n","protected":false},"author":1,"featured_media":0,"parent":3305,"menu_order":5,"comment_status":"closed","ping_status":"closed","template":"","meta":{"footnotes":""},"class_list":["post-3349","page","type-page","status-publish","hentry","description-off"],"aioseo_notices":[],"publishpress_future_action":{"enabled":false,"date":"2026-04-25 23:51:27","action":"change-status","newStatus":"draft","terms":[],"taxonomy":"","extraData":[]},"publishpress_future_workflow_manual_trigger":{"enabledWorkflows":[]},"_links":{"self":[{"href":"https:\/\/www.figueruelas.es\/index.php\/wp-json\/wp\/v2\/pages\/3349","targetHints":{"allow":["GET"]}}],"collection":[{"href":"https:\/\/www.figueruelas.es\/index.php\/wp-json\/wp\/v2\/pages"}],"about":[{"href":"https:\/\/www.figueruelas.es\/index.php\/wp-json\/wp\/v2\/types\/page"}],"author":[{"embeddable":true,"href":"https:\/\/www.figueruelas.es\/index.php\/wp-json\/wp\/v2\/users\/1"}],"replies":[{"embeddable":true,"href":"https:\/\/www.figueruelas.es\/index.php\/wp-json\/wp\/v2\/comments?post=3349"}],"version-history":[{"count":2,"href":"https:\/\/www.figueruelas.es\/index.php\/wp-json\/wp\/v2\/pages\/3349\/revisions"}],"predecessor-version":[{"id":3355,"href":"https:\/\/www.figueruelas.es\/index.php\/wp-json\/wp\/v2\/pages\/3349\/revisions\/3355"}],"up":[{"embeddable":true,"href":"https:\/\/www.figueruelas.es\/index.php\/wp-json\/wp\/v2\/pages\/3305"}],"wp:attachment":[{"href":"https:\/\/www.figueruelas.es\/index.php\/wp-json\/wp\/v2\/media?parent=3349"}],"curies":[{"name":"wp","href":"https:\/\/api.w.org\/{rel}","templated":true}]}}