{"id":849,"date":"2017-03-21T09:03:47","date_gmt":"2017-03-21T09:03:47","guid":{"rendered":"http:\/\/www.figueruelas.es\/?page_id=849"},"modified":"2024-11-28T13:21:50","modified_gmt":"2024-11-28T12:21:50","slug":"centro-civico","status":"publish","type":"page","link":"https:\/\/www.figueruelas.es\/index.php\/areas\/cultura-2\/instalaciones-culturales\/centro-civico\/","title":{"rendered":"Centro C\u00edvico"},"content":{"rendered":"<div class=\"wpb-content-wrapper\"><p>[vc_row][vc_column][vc_custom_heading text=\u00bbCentro C\u00edvico\u00bb font_container=\u00bbtag:h2|text_align:center|color:%230077b9&#8243; use_theme_fonts=\u00bbyes\u00bb][vc_row_inner][vc_column_inner width=\u00bb1\/2&#8243;][vc_custom_heading text=\u00bbHorario\u00bb font_container=\u00bbtag:h3|text_align:left|color:%230077b9&#8243; use_theme_fonts=\u00bbyes\u00bb]<div class=\"standard-arrow list-divider bullet-top\"><ul>\n<li>De lunes a mi\u00e9rcoles de 15:30 a 21:30 h.<\/li>\n<li>Jueves de 18:20 a 21:30 h.<\/li>\n<li>Viernes de 15:30 a 24:00 h.<\/li>\n<li>S\u00e1bado de 18:00 a 24:00 h.<\/li>\n<li>Domingo de 17:00 a 21:00 h.<\/li>\n<\/ul>\n<\/div>[\/vc_column_inner][vc_column_inner width=\u00bb1\/2&#8243; css=\u00bb.vc_custom_1645532986149{margin-top: 20px !important;}\u00bb]<style type=\"text\/css\" data-type=\"the7_shortcodes-inline-css\">.shortcode-single-image-wrap.shortcode-single-image-eb39b8883890c5af8693f0e9f4f99393.enable-bg-rollover .rollover i,\n.shortcode-single-image-wrap.shortcode-single-image-eb39b8883890c5af8693f0e9f4f99393.enable-bg-rollover .rollover-video i {\n  background: -webkit-linear-gradient();\n  background: linear-gradient();\n}\n.shortcode-single-image-wrap.shortcode-single-image-eb39b8883890c5af8693f0e9f4f99393 .rollover-icon {\n  font-size: 32px;\n  color: #ffffff;\n  min-width: 44px;\n  min-height: 44px;\n  line-height: 44px;\n  border-radius: 100px;\n  border-style: solid;\n  border-width: 0px;\n}\n.dt-icon-bg-on.shortcode-single-image-wrap.shortcode-single-image-eb39b8883890c5af8693f0e9f4f99393 .rollover-icon {\n  background: rgba(255,255,255,0.3);\n  box-shadow: none;\n}<\/style><div class=\"shortcode-single-image-wrap shortcode-single-image-eb39b8883890c5af8693f0e9f4f99393 alignnone  enable-bg-rollover dt-icon-bg-off\" style=\"margin-top:0px; margin-bottom:0px; margin-left:0px; margin-right:0px;\"><div class=\"shortcode-single-image\"><div class=\"fancy-media-wrap\" style=\"border-radius:5px;\"><a class=\"layzr-bg rollover rollover-zoom dt-pswp-item pswp-image\" href=\"https:\/\/www.figueruelas.es\/wp-content\/uploads\/2018\/06\/CENTRO-CIVICO-3.jpg\" title=\"CENTRO C\u00cdVICO\" data-dt-img-description=\"\" data-large_image_width=\"800\" data-large_image_height = \"600\"  style=\"box-shadow:2px 2px 2px 2px rgba(0,0,0,0.5); -webkit-box-shadow:2px 2px 2px 2px rgba(0,0,0,0.5); border-radius:5px;\"><img fetchpriority=\"high\" decoding=\"async\" class=\"preload-me lazy-load aspect\" src=\"data:image\/svg+xml,%3Csvg%20xmlns%3D&#39;http%3A%2F%2Fwww.w3.org%2F2000%2Fsvg&#39;%20viewBox%3D&#39;0%200%20800%20600&#39;%2F%3E\" data-src=\"https:\/\/www.figueruelas.es\/wp-content\/uploads\/2018\/06\/CENTRO-CIVICO-3.jpg\" data-srcset=\"https:\/\/www.figueruelas.es\/wp-content\/uploads\/2018\/06\/CENTRO-CIVICO-3.jpg 800w\" loading=\"eager\" style=\"--ratio: 800 \/ 600\" sizes=\"(max-width: 800px) 100vw, 800px\" width=\"800\" height=\"600\"  data-dt-location=\"https:\/\/www.figueruelas.es\/index.php\/areas\/cultura-2\/instalaciones-culturales\/centro-civico-3-2\/\" alt=\"CENTRO C\u00cdVICO\" \/><\/a><\/div><\/div><\/div>[\/vc_column_inner][\/vc_row_inner][vc_custom_heading text=\u00bbActividades\u00bb font_container=\u00bbtag:h3|text_align:left|color:%230077b9&#8243; use_theme_fonts=\u00bbyes\u00bb]<div class=\"standard-arrow list-divider bullet-top\"><ul>\n<li>Espacio joven.\n<ul>\n<li>Lunes a jueves de 18:00 a 21:00 h.<\/li>\n<li>Viernes y s\u00e1bado de 18:00 a 24:00 h.<\/li>\n<li>Domingo de 17:00 a 21:00 h.<\/li>\n<\/ul>\n<\/li>\n<li>Exposiciones.<\/li>\n<li>Escuela y Banda de M\u00fasica.\n<ul>\n<li>Mi\u00e9rcoles y jueves de 19:00 a 21:00 h.<\/li>\n<\/ul>\n<\/li>\n<li>Cine.<\/li>\n<li>Conferencias<\/li>\n<li>Asociaciones.<\/li>\n<\/ul>\n<\/div>[vc_separator color=\u00bbcustom\u00bb accent_color=\u00bb#94acba\u00bb][\/vc_column][\/vc_row][vc_row][vc_column][vc_custom_heading text=\u00bbAZUER GRUPO CULTURAL\u00bb font_container=\u00bbtag:h2|text_align:center|color:%230077b9&#8243; use_theme_fonts=\u00bbyes\u00bb][vc_column_text]<strong>DINAMIZADOR:<\/strong> Jos\u00e9 Ram\u00f3n Bosque<\/p>\n<p>El curso comienza en Septiembre hasta Junio.<\/p>\n<p>No hay cuotas.<\/p>\n<p>Es un grupo sin \u00e1nimo de lucro que se ha creado con objeto de realizar actividades culturales de cualquier \u00edndole:[\/vc_column_text]<div class=\"standard-arrow list-divider bullet-top\"><ul>\n<li>Taller de Pintura<\/li>\n<li>Taller de Escultura<\/li>\n<li>Salidas a pintar<\/li>\n<li>Fotograf\u00eda<\/li>\n<li>Visitas culturales (Museos, exposiciones, monumentos,\u2026)<\/li>\n<li>Rutas culturales (Rom\u00e1nico, g\u00f3tico, mud\u00e9jar,\u2026)<\/li>\n<li>Charlas sobre pintura<\/li>\n<li>Lecturas grupales<\/li>\n<\/ul>\n<\/div>[vc_column_text]Es un grupo abierto en el que cada participante desarrolla la actividad que m\u00e1s le gusta.[\/vc_column_text][vc_custom_heading text=\u00bbAlgunas de las actividades ya realizadas:\u00bb font_container=\u00bbtag:h3|text_align:left|color:%230077b9&#8243; use_theme_fonts=\u00bbyes\u00bb]<div class=\"standard-arrow list-divider bullet-top\"><ul>\n<li>Charla AMEDEO MODIGLIANI, \u201cLos Amantes de Montparnasse\u201d<\/li>\n<li>Visita a San Miguel de Ibieca y dibujo del natural.<\/li>\n<li>Visita a la sala MAPFRE y FUNDACI\u00d3N TELEF\u00d3NICA.<\/li>\n<li>Viaje a las Merindades de Burgos<\/li>\n<li>Garranzo; tras las huellas de los dinosaurios.<\/li>\n<li>Charlas sobre los estilos en la pintura<\/li>\n<li>Charla con proyecci\u00f3n de im\u00e1genes sobre los impresionistas espa\u00f1oles (Joaqu\u00edn Mir y otros)<\/li>\n<li>Lectura conjunta con proyecciones de \u201cEl Maestro del Prado\u201d<\/li>\n<li>Visitas varias a Museos y Salas de Arte de Zaragoza.<\/li>\n<li>Exposici\u00f3n de fotograf\u00eda en Utebo \u201cLa India\u201d<\/li>\n<li>Salidas con el buen tiempo<\/li>\n<li>\u00a0\u2026<\/li>\n<\/ul>\n<\/div>[vc_custom_heading text=\u00bbGaler\u00eda fotogr\u00e1fica\u00bb font_container=\u00bbtag:h3|text_align:left|color:%230077b9&#8243; use_theme_fonts=\u00bbyes\u00bb css=\u00bb.vc_custom_1645622785550{margin-bottom: 20px !important;}\u00bb][vc_media_grid element_width=\u00bb3&#8243; initial_loading_animation=\u00bbnone\u00bb grid_id=\u00bbvc_gid:1732796478631-f4582348-e4c9-6&#8243; include=\u00bb851,852,853,854&#8243;][vc_separator color=\u00bbcustom\u00bb accent_color=\u00bb#94acba\u00bb][\/vc_column][\/vc_row][vc_row][vc_column][vc_custom_heading text=\u00bbGRUPO DE PULSO Y P\u00daA (Guitarra, La\u00fad y Bandurria)\u00bb font_container=\u00bbtag:h2|text_align:center|color:%230077b9&#8243; use_theme_fonts=\u00bbyes\u00bb]<div class=\"standard-arrow list-divider bullet-top\"><p>Hay diferentes niveles:<\/p>\n<ul>\n<li>Avanzados<\/li>\n<li>Iniciaci\u00f3n<\/li>\n<li>Veteranos<\/li>\n<\/ul>\n<\/div>[vc_column_text]<strong>PROFESOR:<\/strong> Jos\u00e9 Antonio Esteban Lape\u00f1a<\/p>\n<p>El curso comienza en Septiembre hasta Junio<\/p>\n<p>No hay cuota[\/vc_column_text]<div class=\"standard-arrow list-divider bullet-top\"><p>A lo largo del curso se realizan varios conciertos:<\/p>\n<ul>\n<li>Festival de Navidad<\/li>\n<li>Concierto de Mayo Cultural<\/li>\n<li>Festival de fin de curso<\/li>\n<\/ul>\n<\/div>[vc_column_text]Colaboraci\u00f3n del Coro de la Parroquia.[\/vc_column_text][vc_media_grid initial_loading_animation=\u00bbnone\u00bb grid_id=\u00bbvc_gid:1732796478632-881f72a4-b620-9&#8243; include=\u00bb861,862&#8243;][\/vc_column][\/vc_row]<\/p>\n<\/div>","protected":false},"excerpt":{"rendered":"<p>[vc_row][vc_column][vc_custom_heading text=\u00bbCentro C\u00edvico\u00bb font_container=\u00bbtag:h2|text_align:center|color:%230077b9&#8243; use_theme_fonts=\u00bbyes\u00bb][vc_row_inner][vc_column_inner width=\u00bb1\/2&#8243;][vc_custom_heading text=\u00bbHorario\u00bb font_container=\u00bbtag:h3|text_align:left|color:%230077b9&#8243; use_theme_fonts=\u00bbyes\u00bb][\/vc_column_inner][vc_column_inner width=\u00bb1\/2&#8243; css=\u00bb.vc_custom_1645532986149{margin-top: 20px !important;}\u00bb][\/vc_column_inner][\/vc_row_inner][vc_custom_heading text=\u00bbActividades\u00bb font_container=\u00bbtag:h3|text_align:left|color:%230077b9&#8243; use_theme_fonts=\u00bbyes\u00bb][vc_separator color=\u00bbcustom\u00bb accent_color=\u00bb#94acba\u00bb][\/vc_column][\/vc_row][vc_row][vc_column][vc_custom_heading text=\u00bbAZUER GRUPO CULTURAL\u00bb font_container=\u00bbtag:h2|text_align:center|color:%230077b9&#8243; use_theme_fonts=\u00bbyes\u00bb][vc_column_text]DINAMIZADOR: Jos\u00e9 Ram\u00f3n Bosque El curso comienza en Septiembre hasta Junio. No hay cuotas. Es un grupo sin \u00e1nimo de lucro que se ha creado con objeto de realizar actividades culturales de cualquier&hellip;<\/p>\n","protected":false},"author":1,"featured_media":0,"parent":845,"menu_order":1,"comment_status":"closed","ping_status":"closed","template":"","meta":{"footnotes":""},"class_list":["post-849","page","type-page","status-publish","hentry","description-off"],"aioseo_notices":[],"publishpress_future_action":{"enabled":false,"date":"2026-05-07 14:34:03","action":"change-status","newStatus":"draft","terms":[],"taxonomy":"","extraData":[]},"publishpress_future_workflow_manual_trigger":{"enabledWorkflows":[]},"_links":{"self":[{"href":"https:\/\/www.figueruelas.es\/index.php\/wp-json\/wp\/v2\/pages\/849","targetHints":{"allow":["GET"]}}],"collection":[{"href":"https:\/\/www.figueruelas.es\/index.php\/wp-json\/wp\/v2\/pages"}],"about":[{"href":"https:\/\/www.figueruelas.es\/index.php\/wp-json\/wp\/v2\/types\/page"}],"author":[{"embeddable":true,"href":"https:\/\/www.figueruelas.es\/index.php\/wp-json\/wp\/v2\/users\/1"}],"replies":[{"embeddable":true,"href":"https:\/\/www.figueruelas.es\/index.php\/wp-json\/wp\/v2\/comments?post=849"}],"version-history":[{"count":23,"href":"https:\/\/www.figueruelas.es\/index.php\/wp-json\/wp\/v2\/pages\/849\/revisions"}],"predecessor-version":[{"id":3981,"href":"https:\/\/www.figueruelas.es\/index.php\/wp-json\/wp\/v2\/pages\/849\/revisions\/3981"}],"up":[{"embeddable":true,"href":"https:\/\/www.figueruelas.es\/index.php\/wp-json\/wp\/v2\/pages\/845"}],"wp:attachment":[{"href":"https:\/\/www.figueruelas.es\/index.php\/wp-json\/wp\/v2\/media?parent=849"}],"curies":[{"name":"wp","href":"https:\/\/api.w.org\/{rel}","templated":true}]}}

Centro Cívico

<div class="wpb-content-wrapper"><p>[vc_row][vc_column][vc_custom_heading text=»Centro Cívico» font_container=»tag:h2|text_align:center|color:%230077b9&#8243; use_theme_fonts=»yes»][vc_row_inner][vc_column_inner width=»1/2&#8243;][vc_custom_heading text=»Horario» font_container=»tag:h3|text_align:left|color:%230077b9&#8243; use_theme_fonts=»yes»]<div class="standard-arrow list-divider bullet-top"><ul>
<li>De lunes a miércoles de 15:30 a 21:30 h.</li>
<li>Jueves de 18:20 a 21:30 h.</li>
<li>Viernes de 15:30 a 24:00 h.</li>
<li>Sábado de 18:00 a 24:00 h.</li>
<li>Domingo de 17:00 a 21:00 h.</li>
</ul>
</div>[/vc_column_inner][vc_column_inner width=»1/2&#8243; css=».vc_custom_1645532986149{margin-top: 20px !important;}»]<style type="text/css" data-type="the7_shortcodes-inline-css">.shortcode-single-image-wrap.shortcode-single-image-eb39b8883890c5af8693f0e9f4f99393.enable-bg-rollover .rollover i,
.shortcode-single-image-wrap.shortcode-single-image-eb39b8883890c5af8693f0e9f4f99393.enable-bg-rollover .rollover-video i {
  background: -webkit-linear-gradient();
  background: linear-gradient();
}
.shortcode-single-image-wrap.shortcode-single-image-eb39b8883890c5af8693f0e9f4f99393 .rollover-icon {
  font-size: 32px;
  color: #ffffff;
  min-width: 44px;
  min-height: 44px;
  line-height: 44px;
  border-radius: 100px;
  border-style: solid;
  border-width: 0px;
}
.dt-icon-bg-on.shortcode-single-image-wrap.shortcode-single-image-eb39b8883890c5af8693f0e9f4f99393 .rollover-icon {
  background: rgba(255,255,255,0.3);
  box-shadow: none;
}</style><div class="shortcode-single-image-wrap shortcode-single-image-eb39b8883890c5af8693f0e9f4f99393 alignnone  enable-bg-rollover dt-icon-bg-off" style="margin-top:0px; margin-bottom:0px; margin-left:0px; margin-right:0px;"><div class="shortcode-single-image"><div class="fancy-media-wrap" style="border-radius:5px;"><a class="layzr-bg rollover rollover-zoom dt-pswp-item pswp-image" href="https://www.figueruelas.es/wp-content/uploads/2018/06/CENTRO-CIVICO-3.jpg" title="CENTRO CÍVICO" data-dt-img-description="" data-large_image_width="800" data-large_image_height = "600"  style="box-shadow:2px 2px 2px 2px rgba(0,0,0,0.5); -webkit-box-shadow:2px 2px 2px 2px rgba(0,0,0,0.5); border-radius:5px;"><img fetchpriority="high" decoding="async" class="preload-me lazy-load aspect" src="data:image/svg+xml,%3Csvg%20xmlns%3D&#39;http%3A%2F%2Fwww.w3.org%2F2000%2Fsvg&#39;%20viewBox%3D&#39;0%200%20800%20600&#39;%2F%3E" data-src="https://www.figueruelas.es/wp-content/uploads/2018/06/CENTRO-CIVICO-3.jpg" data-srcset="https://www.figueruelas.es/wp-content/uploads/2018/06/CENTRO-CIVICO-3.jpg 800w" loading="eager" style="--ratio: 800 / 600" sizes="(max-width: 800px) 100vw, 800px" width="800" height="600"  data-dt-location="https://www.figueruelas.es/index.php/areas/cultura-2/instalaciones-culturales/centro-civico-3-2/" alt="CENTRO CÍVICO" /></a></div></div></div>[/vc_column_inner][/vc_row_inner][vc_custom_heading text=»Actividades» font_container=»tag:h3|text_align:left|color:%230077b9&#8243; use_theme_fonts=»yes»]<div class="standard-arrow list-divider bullet-top"><ul>
<li>Espacio joven.
<ul>
<li>Lunes a jueves de 18:00 a 21:00 h.</li>
<li>Viernes y sábado de 18:00 a 24:00 h.</li>
<li>Domingo de 17:00 a 21:00 h.</li>
</ul>
</li>
<li>Exposiciones.</li>
<li>Escuela y Banda de Música.
<ul>
<li>Miércoles y jueves de 19:00 a 21:00 h.</li>
</ul>
</li>
<li>Cine.</li>
<li>Conferencias</li>
<li>Asociaciones.</li>
</ul>
</div>[vc_separator color=»custom» accent_color=»#94acba»][/vc_column][/vc_row][vc_row][vc_column][vc_custom_heading text=»AZUER GRUPO CULTURAL» font_container=»tag:h2|text_align:center|color:%230077b9&#8243; use_theme_fonts=»yes»][vc_column_text]<strong>DINAMIZADOR:</strong> José Ramón Bosque</p>
<p>El curso comienza en Septiembre hasta Junio.</p>
<p>No hay cuotas.</p>
<p>Es un grupo sin ánimo de lucro que se ha creado con objeto de realizar actividades culturales de cualquier índole:[/vc_column_text]<div class="standard-arrow list-divider bullet-top"><ul>
<li>Taller de Pintura</li>
<li>Taller de Escultura</li>
<li>Salidas a pintar</li>
<li>Fotografía</li>
<li>Visitas culturales (Museos, exposiciones, monumentos,…)</li>
<li>Rutas culturales (Románico, gótico, mudéjar,…)</li>
<li>Charlas sobre pintura</li>
<li>Lecturas grupales</li>
</ul>
</div>[vc_column_text]Es un grupo abierto en el que cada participante desarrolla la actividad que más le gusta.[/vc_column_text][vc_custom_heading text=»Algunas de las actividades ya realizadas:» font_container=»tag:h3|text_align:left|color:%230077b9&#8243; use_theme_fonts=»yes»]<div class="standard-arrow list-divider bullet-top"><ul>
<li>Charla AMEDEO MODIGLIANI, “Los Amantes de Montparnasse”</li>
<li>Visita a San Miguel de Ibieca y dibujo del natural.</li>
<li>Visita a la sala MAPFRE y FUNDACIÓN TELEFÓNICA.</li>
<li>Viaje a las Merindades de Burgos</li>
<li>Garranzo; tras las huellas de los dinosaurios.</li>
<li>Charlas sobre los estilos en la pintura</li>
<li>Charla con proyección de imágenes sobre los impresionistas españoles (Joaquín Mir y otros)</li>
<li>Lectura conjunta con proyecciones de “El Maestro del Prado”</li>
<li>Visitas varias a Museos y Salas de Arte de Zaragoza.</li>
<li>Exposición de fotografía en Utebo “La India”</li>
<li>Salidas con el buen tiempo</li>
<li> …</li>
</ul>
</div>[vc_custom_heading text=»Galería fotográfica» font_container=»tag:h3|text_align:left|color:%230077b9&#8243; use_theme_fonts=»yes» css=».vc_custom_1645622785550{margin-bottom: 20px !important;}»][vc_media_grid element_width=»3&#8243; initial_loading_animation=»none» grid_id=»vc_gid:1732796478631-f4582348-e4c9-6&#8243; include=»851,852,853,854&#8243;][vc_separator color=»custom» accent_color=»#94acba»][/vc_column][/vc_row][vc_row][vc_column][vc_custom_heading text=»GRUPO DE PULSO Y PÚA (Guitarra, Laúd y Bandurria)» font_container=»tag:h2|text_align:center|color:%230077b9&#8243; use_theme_fonts=»yes»]<div class="standard-arrow list-divider bullet-top"><p>Hay diferentes niveles:</p>
<ul>
<li>Avanzados</li>
<li>Iniciación</li>
<li>Veteranos</li>
</ul>
</div>[vc_column_text]<strong>PROFESOR:</strong> José Antonio Esteban Lapeña</p>
<p>El curso comienza en Septiembre hasta Junio</p>
<p>No hay cuota[/vc_column_text]<div class="standard-arrow list-divider bullet-top"><p>A lo largo del curso se realizan varios conciertos:</p>
<ul>
<li>Festival de Navidad</li>
<li>Concierto de Mayo Cultural</li>
<li>Festival de fin de curso</li>
</ul>
</div>[vc_column_text]Colaboración del Coro de la Parroquia.[/vc_column_text][vc_media_grid initial_loading_animation=»none» grid_id=»vc_gid:1732796478632-881f72a4-b620-9&#8243; include=»861,862&#8243;][/vc_column][/vc_row]</p>
</div>

<p>[vc_row][vc_column][vc_custom_heading text=»Centro Cívico» font_container=»tag:h2|text_align:center|color:%230077b9&#8243; use_theme_fonts=»yes»][vc_row_inner][vc_column_inner width=»1/2&#8243;][vc_custom_heading text=»Horario» font_container=»tag:h3|text_align:left|color:%230077b9&#8243; use_theme_fonts=»yes»][/vc_column_inner][vc_column_inner width=»1/2&#8243; css=».vc_custom_1645532986149{margin-top: 20px !important;}»][/vc_column_inner][/vc_row_inner][vc_custom_heading text=»Actividades» font_container=»tag:h3|text_align:left|color:%230077b9&#8243; use_theme_fonts=»yes»][vc_separator color=»custom» accent_color=»#94acba»][/vc_column][/vc_row][vc_row][vc_column][vc_custom_heading text=»AZUER GRUPO CULTURAL» font_container=»tag:h2|text_align:center|color:%230077b9&#8243; use_theme_fonts=»yes»][vc_column_text]DINAMIZADOR: José Ramón Bosque El curso comienza en Septiembre hasta Junio. No hay cuotas. Es un grupo sin ánimo de lucro que se ha creado con objeto de realizar actividades culturales de cualquier&hellip;</p>
